 is the thousands digit of 129969066?
9
What is the hundred thousands digit of 926001896?
0
What is the thousands digit of 799150589?
0
What is the tens digit of 137853141?
4
What is the hundreds digit of 34502357?
3
What is the millions digit of 2960204485?
0
What is the hundred thousands digit of 85317982?
3
What is the billions digit of 2953587450?
2
What is the hundreds digit of 862581731?
7
What is the thousands digit of 2206236762?
6
What is the ten thousands digit of 81940771?
4
What is the ten thousands digit of 382869816?
6
What is the hundred thousands digit of 2177117358?
1
What is the hundred thousands digit of 14478510?
4
What is the thousands digit of 26092251?
2
What is the tens digit of 260760641?
4
What is the tens digit of 435123592?
9
What is the thousands digit of 466992105?
2
What is the ten thousands digit of 4555230506?
3
What is the ten millions digit of 665845322?
6
What is the ten thousands digit of 5318394913?
9
What is the hundred millions digit of 2267789728?
2
What is the units digit of 189155902?
2
What is the ten millions digit of 12620010?
1
What is the hundreds digit of 128700265?
2
What is the hundreds digit of 788442912?
9
What is the tens digit of 1317308860?
6
What is the units digit of 1155562764?
4
What is the ten thousands digit of 5276306?
7
What is the hundreds digit of 447029340?
3
What is the hundred thousands digit of 65767952?
7
What is the ten millions digit of 6253777654?
5
What is the hundreds digit of 2738484052?
0
What is the hundred thousands digit of 20264307?
2
What is the thousands digit of 303162763?
2
What is the hundred thousands digit of 324786407?
7
What is the hundred thousands digit of 18186978?
1
What is the ten millions digit of 210118642?
1
What is the ten thousands digit of 268278615?
7
What is the units digit of 3967426?
6
What is the units digit of 44821313?
3
What is the units digit of 233033870?
0
What is the thousands digit of 137073823?
3
What is the hundred thousands digit of 905376396?
3
What is the units digit of 127140870?
0
What is the thousands digit of 71313334?
3
What is the hundreds digit of 44972001?
0
What is the units digit of 353459019?
9
What is the thousands digit of 13799076?
9
What is the millions digit of 248785574?
8
What is the tens digit of 5528687?
8
What is the thousands digit of 5774737?
4
What is the units digit of 88209596?
6
What is the hundred thousands digit of 4885183561?
1
What is the hundred thousands digit of 456037244?
0
What is the hundreds digit of 68851157?
1
What is the ten millions digit of 304127503?
0
What is the units digit of 260105677?
7
What is the millions digit of 54007775?
4
What is the tens digit of 280320902?
0
What is the ten millions digit of 398610720?
9
What is the hundred thousands digit of 1244971883?
9
What is the hundred millions digit of 316986623?
3
What is the hundred thousands digit of 3090353261?
3
What is the thousands digit of 57666476?
6
What is the hundred thousands digit of 20853928?
8
What is the thousands digit of 1781967923?
7
What is the thousands digit of 326604616?
4
What is the hundreds digit of 71073738?
7
What is the ten thousands digit of 68848124?
4
What is the ten millions digit of 1204598151?
0
What is the ten thousands digit of 78084549?
8
What is the tens digit of 447283306?
0
What is the hundred thousands digit of 403223741?
2
What is the tens digit of 8457804?
0
What is the hundred thousands digit of 1373753337?
7
What is the millions digit of 90838675?
0
What is the hundred millions digit of 465922669?
4
What is the ten thousands digit of 98734273?
3
What is the ten thousands digit of 71794046?
9
What is the thousands digit of 294528343?
8
What is the hundred millions digit of 674696159?
6
What is the thousands digit of 40097319?
7
What is the hundred thousands digit of 43877687?
8
What is the hundred millions digit of 936584623?
9
What is the tens digit of 34139947?
4
What is the hundred thousands digit of 8184593?
1
What is the millions digit of 11342828?
1
What is the thousands digit of 36657906?
7
What is the thousands digit of 669983583?
3
What is the tens digit of 685648877?
7
What is the units digit of 4557895?
5
What is the millions digit of 4391739?
4
What is the hundred thousands digit of 585233960?
2
What is the thousands digit of 983655808?
5
What is the hundreds digit of 90999187?
1
What is the units digit of 88454129?
9
What is the thousands digit of 4529710650?
0
What is the millions digit of 722331707?
2
What is the hundreds digit of 2555666449?
4
What is the hundred thousands digit of 1167564544?
5
What is the thousands digit of 188698278?
8
What is the thousands digit of 3908774903?
4
What is the ten millions digit of 146739202?
4
What is the units digit of 8159490061?
1
What is the units digit of 224515763?
3
What is the billions digit of 6179151592?
6
What is the ten thousands digit of 3501671807?
7
What is the thousands digit of 41293423?
3
What is the hundred thousands digit of 1237348054?
3
What is the thousands digit of 33408510?
8
What is the ten millions digit of 24287150?
2
What is the hundred thousands digit of 2502198408?
1
What is the millions digit of 17237925?
7
What is the hundreds digit of 496108992?
9
What is the ten thousands digit of 1282623513?
2
What is the millions digit of 2192229834?
2
What is the tens digit of 534574315?
1
What is the millions digit of 129033959?
9
What is the hundred millions digit of 974314537?
9
What is the billions digit of 3904679334?
3
What is the ten millions digit of 843335272?
4
What is the millions digit of 313194940?
3
What is the units digit of 116481046?
6
What is the hundred millions digit of 4620088264?
6
What is the ten millions digit of 1831812019?
3
What is the ten millions digit of 6092585447?
9
What is the thousands digit of 1137344539?
4
What is the hundreds digit of 222035720?
7
What is the millions digit of 1942722261?
2
What is the millions digit of 1366242459?
6
What is the thousands digit of 44484372?
4
What is the millions digit of 88457594?
8
What is the tens digit of 50866654?
5
What is the tens digit of 45405953?
5
What is the units digit of 959176793?
3
What is the ten thousands digit of 32430990?
3
What is the units digit of 5651510?
0
What is the ten millions digit of 869998109?
6
What is the hundred millions digit of 174987195?
1
What is the thousands digit of 77783945?
3
What is the tens digit of 106452164?
6
What is the ten thousands digit of 79159258?
5
What is the tens digit of 30684069?
6
What is the tens digit of 57152063?
6
What is the millions digit of 9003116?
9
What is the tens digit of 167285966?
6
What is the millions digit of 1325057860?
5
What is the thousands digit of 266211276?
1
What is the thousands digit of 46375138?
5
What is the hundreds digit of 46349991?
9
What is the hundreds digit of 3150976284?
2
What is the thousands digit of 234468220?
8
What is the units digit of 2532955341?
1
What is the ten millions digit of 51918769?
5
What is the thousands digit of 451602710?
2
What is the units digit of 402874785?
5
What is the hundreds digit of 28671263?
2
What is the hundred thousands digit of 104878194?
8
What is the hundred thousands digit of 71022863?
0
What is the ten millions digit of 545523545?
4
What is the hundred thousands digit of 22411008?
4
What is the millions digit of 175694786?
5
What is the hundred thousands digit of 130703989?
7
What is the thousands digit of 136445686?
5
What is the tens digit of 1124259158?
5
What is the hundred millions digit of 1680810520?
6
What is the millions digit of 56911805?
6
What is the ten millions digit of 699164394?
9
What is the ten thousands digit of 2450542117?
4
What is the hundreds digit of 279419232?
2
What is the hundred millions digit of 401323561?
4
What is the ten thousands digit of 8170015?
7
What is the tens digit of 23354367?
6
What is the hundreds digit of 118459812?
8
What is the units digit of 251263357?
7
What is the hundred millions digit of 477497987?
4
What is the millions digit of 5642420665?
2
What is the units digit of 61200144?
4
What is the tens digit of 272868576?
7
What is the hundred thousands digit of 753261084?
2
What is the hundred thousands digit of 198181291?
1
What is the ten thousands digi